s the remainder when n(-7) is divided by 26?
7
Suppose -27*o = -7221 - 7359. Suppose -50*i = -53*i + o. Calculate the remainder when i is divided by 26.
24
Let a(i) = 4*i**2 - 32*i - 137. What is the remainder when a(-5) is divided by 7?
4
Suppose 2*m + 9 = 2*o - 9, m = -3*o + 35. Suppose -u - 50 = -o*u. Suppose 4*g - u*g = -7. What is the remainder when 45 is divided by g?
3
Let g(t) = -t - 3. Let u be g(-9). Suppose -4*h + w = -93, -h - 3*w + 21 = -w. What is the remainder when h is divided by 4 + -3*(-4)/u?
5
Suppose -97*y = 167*y - 49*y - 52460. What is the remainder when 840 is divided by y?
108
Let u(g) = g**2 + g - 1. Let p be u(2). Let z = -80 - -74. Let j = p - z. Calculate the remainder when j is divided by 3.
2
Suppose 637*p + 49 = 644*p. Calculate the remainder when 5 - (-70)/(p - 2) is divided by 14.
5
Let k(v) = -2*v**2 + 71*v + 47. Let f be k(33). Let t = 245 - f. What is the remainder when t is divided by 12?
9
Suppose -3*b + 1142 = -1090. Calculate the remainder when b is divided by 22.
18
Let p be 2 + -2 + (4 - 7). What is the remainder when 59 is divided by p/((-12)/8)*15?
29
Let z = 14510 - 14475. What is the remainder when 203 is divided by z?
28
Let f(q) = 13*q - 17. Let h be f(4). Suppose -455 = h*o - 1575. Calculate the remainder when o is divided by 17.
15
Let k(j) = j**2 + j - 1. Let o(a) = 4*a**2 - 16*a + 60. Let u(b) = -3*k(b) + o(b). Calculate the remainder when 115 is divided by u(16).
10
Suppose -280*p = -274*p - 4098. Let m = p + -613. What is the remainder when m is divided by 25?
20
Let y = 1593 + -1575. Let i = -115 + 221. What is the remainder when i is divided by y?
16
Let z(p) = -p**3 + 95*p**2 - 178*p - 436. Calculate the remainder when z(93) is divided by 39.
35
Let j(v) = -v**3 - 33*v**2 + 36*v + 51. Let h be j(-34). Let k(l) = 3*l + 81. What is the remainder when 57 is divided by k(h)?
27
Suppose 19*b = -5*b + 624. What is the remainder when 489 is divided by b?
21
Suppose 163*n - 30 = -2*x + 159*n, 2*x = n + 40. Let v = 1319 - 789. What is the remainder when v is divided by x?
17
Let i = 3591 + -2948. Suppose -h = 2*h - 138. Calculate the remainder when i is divided by h.
45
Let q be (6/9 - (-26)/(-12))*-4. Suppose 0 = -l + 8 - q. Calculate the remainder when 101 is divided by 0 + (21 - l - 3) + 1.
16
Suppose -2*c + 93 = -7. Suppose 111 - 1086 = -25*m. Calculate the remainder when c is divided by m.
11
Suppose 603 = -4*t - 3*s, 1160 - 406 = -5*t - 4*s. Let j = 151 + t. What is the remainder when 6 is divided by j?
0
Let p = 43 + -23. Let u(a) = -7*a - 623. Calculate the remainder when u(-94) is divided by p.
15
Suppose -29*d + 48571 - 3331 = 0. What is the remainder when d is divided by 35?
20
Let b = 686 + -600. What is the remainder when 941 is divided by b?
81
Suppose 2*c = -c + 5*c. Let u(o) = 5 + 4*o + 19 - 2 + c. Calculate the remainder when 159 is divided by u(8).
51
Let l = -8030 - -8386. What is the remainder when l is divided by 134?
88
Let w(o) = -o**3 + 18*o**2 + 21*o - 38. Let a be w(19). Let m(c) = -2*c**3 - 3*c + 152. Calculate the remainder when m(a) is divided by 77.
75
Let z(m) = m**3 + 29*m**2 - 31*m - 25. Let b = 1855 + -1826. What is the remainder when b is divided by z(-30)?
4
Suppose -9 = -g - 3*y, 0 = 3*g - 4*g - 5*y + 3. Suppose 3*q = -4*x + 76, x = 174*q - 175*q + 19. What is the remainder when x is divided by g?
1
Let z(g) = 34*g**2 - 50*g + 89. Calculate the remainder when z(2) is divided by 32.
29
Let b(v) = -v**3 - 6*v - 8. Let p be b(-5). Let z = -137 + p. Suppose -2*a = -0*a - 4. What is the remainder when z is divided by a?
0
Let c = 38 + 51. Suppose 2*k - m - c = 105, -4*k + 400 = 4*m. Calculate the remainder when k is divided by 27.
17
Suppose 70 + 35 = 5*k. Let z(g) = g - 45. Let m be z(k). Let d = m + 56. What is the remainder when 94 is divided by d?
30
What is the remainder when (770/(-28) - -29)/((-3)/(-1930)) is divided by 7?
6
Suppose 14822 = 53*y - 12694 - 1369. What is the remainder when y is divided by 2?
1
Calculate the remainder when (-20838)/(-9) + 80/48 is divided by 122.
121
Suppose -31*b = -28*b - 9. Suppose 0 = -5*v + 2*c + 150, b*v + c = 4*v - 33. What is the remainder when 120 is divided by v?
8
Let c = -13 - -40. Suppose 148*r = 143*r + 15. Suppose 2*p + m = 2 + 6, 0 = -2*p - r*m. What is the remainder when c is divided by p?
3
Calculate the remainder when ((-9)/(63/14))/(4/566)*-10 is divided by 59.
57
Calculate the remainder when (-18084)/22*((-21)/(-28) + (-5)/4) is divided by 393.
18
Let a(r) = 2*r**3 - 3*r**2 - 3*r + 4. Let h = 73 + -62. Suppose y - 3*q - h = 0, -1 + 14 = 3*y + q. Calculate the remainder when a(3) is divided by y.
2
Suppose 0 = 2*s - 5*s + 15. Suppose -q - 467 = -4*x, -4*x + 238 = s*q - 259. What is the remainder when (-16)/(-40)*(x + 2) is divided by 10?
8
Suppose -3*f = 2*f - 55. Suppose 4*h + 26 = 5*j, h + j - 36 = -2*j. What is the remainder when f is divided by h?
5
Suppose -4*k - 4448 = -4*y - 12284, 0 = 2*k + 3*y - 3923. What is the remainder when k is divided by 95?
60
Suppose 4*k - 2*g + 10 - 4 = 0, 0 = -3*k - 4*g - 10. Let x be k/6 - 1408/(-12). Let l = x - 95. What is the remainder when l is divided by 6?
4
Let g be (3 + -3 - -1) + 3. Suppose 4*h + 0*q + g*q - 184 = 0, 2*q = -3*h + 143. What is the remainder when 611 is divided by h?
50
Suppose 4*r - 5*g - 980 = 290, 0 = -5*r - 5*g + 1565. Calculate the remainder when r is divided by 51.
9
Suppose 20 - 14 = 2*i. Suppose -2 = -i*a - 11. What is the remainder when (-315)/a + 4*-1 is divided by 26?
23
Suppose -2*u - 1091 = -2*v + 1283, 0 = -5*v - 2*u + 5893. What is the remainder when v is divided by 74?
71
Calculate the remainder when 152 is divided by (-183)/61*(-2 + (-32)/6).
20
Suppose 0 = -276*t + 222*t + 8262. What is the remainder when 429 is divided by t?
123
Let t(g) = -g + 38. Let m be (-1 - -2)/(4/432). Suppose -3*l = m - 360. What is the remainder when l is divided by t(16)?
18
Suppose 2*i = z - 0*i - 16, 2*i = 0. Calculate the remainder when (550/11)/((-4)/(-14)) is divided by z.
15
Let q = 139 - 99. Suppose -11*r = -16*r + 115. Calculate the remainder when q is divided by r.
17
Suppose 0*v = 2*v + 3*k - 336, 0 = -3*v - 2*k + 489. What is the remainder when v is divided by -5*1*(-9 - -1)?
39
Let n(t) = -4*t**2 + 105*t - 7. What is the remainder when 548 is divided by n(26)?
16
Let q = 184 + -186. Calculate the remainder when 164 is divided by -3 - 380/(-16) - q/8.
17
Suppose 2*z + 19*p = 16*p + 9030, 5*z - 22617 = 3*p. What is the remainder when z is divided by 20?
1
Let z(w) = -2*w + 2. Let d be z(-1). Suppose -d*v = -43 - 29. Let a(h) = -87*h + 2. What is the remainder when a(-1) is divided by v?
17
Calculate the remainder when ((-1)/3 - 39/234)/(1/(-3466)) is divided by 124.
121
Let s = 4491 - 3481. What is the remainder when s is divided by 102?
92
Suppose v + 3 = 0, 91 = 2*i + 4*i - 2*i - 13*v. Let y = -585 + 1077. Calculate the remainder when y is divided by i.
11
Suppose 6121 + 22610 = 24*o + 8115. What is the remainder when o is divided by 108?
103
Let d(w) = 15*w - 5. Suppose 0 = -z, -4*u + z - 1296 = -0*z. Let s = 343 + u. Calculate the remainder when d(5) is divided by s.
13
Let o = 71 + -65. Let t(s) = 13*s + 78. What is the remainder when t(o) is divided by 40?
36
Let o(m) = -51*m + 1075. Calculate the remainder when 85 is divided by o(20).
30
Let z(q) = -11*q**3 - 3*q**2 - 4*q - 3. Let w be z(-2). Let g = w + -42. Calculate the remainder when (1053/52)/(-27) - 3875/(-20) is divided by g.
37
Suppose 7*n - 34 = 218. Suppose -n = -9*u - 0*u. Suppose -u*a + 6*a - 106 = 0. Calculate the remainder when a is divided by 27.
26
Let j(z) = 4*z + 185. What is the remainder when 174 is divided by j(-35)?
39
Suppose -4 = -2*g, 48*x = 44*x + 3*g + 902. Calculate the remainder when x is divided by 48.
35
Suppose 11625*y = 11612*y + 260. What is the remainder when 1059 is divided by y?
19
Suppose -3*h = -r + 28 + 242, h + 1091 = 4*r. What is the remainder when r is divided by 220/(-22) + 108 - (5 - 5) - (-3 - -12)?
6
Let b = -435 - -560. Let r(z) = -8*z + 1. Let t(o) = -o**3 - 4*o**2 - o - 2. Let i be t(-3). Calculate the remainder when b is divided by r(i).
60
Suppose 47*j = 402 + 162. Calculate the remainder when 9752/84 + (-6)/63 is divided by j.
8
